-0*b - d. What is the units digit of b?
7
Let x = -13 + 107. What is the tens digit of x?
9
Suppose 51 = n - 32. What is the tens digit of n?
8
Let m(z) = 7*z + 52. What is the tens digit of m(12)?
3
Let v = -19 + 59. Suppose -2*j + 8 - v = -4*d, 3*j = 3*d - 18. What is the units digit of d?
0
Let q be (-5 - (-9)/3) + 2. Suppose 0 = 2*o + 2*o - 5*u - 53, 0 = -5*o - 5*u + 10. Suppose q = 2*v - o - 13. What is the tens digit of v?
1
Let z = -49 - -81. What is the units digit of z?
2
Let a be 6/((-4)/(16/(-4))). Let f = 17 - a. What is the units digit of f?
1
Let u(p) = -5*p - 4. Let c be u(-4). Suppose -3*a - a = -3*m + c, -5*m = -a - 4. Let l = 1 - m. What is the units digit of l?
1
Let h(o) = -7*o**3 + 4*o + 14. What is the hundreds digit of h(-3)?
1
Let h be -1 + 4*(-15)/(-6). Let o = -4 + h. Suppose 0 = o*a + 3 - 43. What is the units digit of a?
8
Suppose 4*f + 3*r - 2*r - 454 = 0, -r + 2 = 0. What is the tens digit of f?
1
Let h(l) = l**2 + 5*l + 1. Let u(p) = -p + 2. Let d be u(9). What is the units digit of h(d)?
5
Let t be (-2)/(-5) - 27/5. Let v(f) = -f**2 - 6*f - 1. Let j be v(t). What is the units digit of 10/4*j/5?
2
Suppose 2*y - 5*n + 17 = y, -4*y - 4*n - 92 = 0. Let k(c) = 2*c**3 - 6*c**2 + c - 4. Let u be k(4). Let v = y + u. What is the tens digit of v?
1
Let k = -39 + 63. What is the tens digit of k?
2
Suppose 2*z = -4*z + 360. What is the units digit of z?
0
Let d(m) = -3*m - 3. Let j be d(-2). Let c = 12 + -7. Suppose 5*v - 50 = -c*q, -v - 2*q = -j - 7. What is the tens digit of v?
1
Suppose -y - y + 512 = 0. What is the hundreds digit of y?
2
Let m(s) = -6*s**3 + s**2 - s + 1. Let y be m(1). Let h be (-5)/30 + y/6. Let a = h + 8. What is the units digit of a?
7
Let z = -21 - -39. Suppose -y + 4*o = -2, 2*o = 2*y + 2 - z. What is the units digit of y?
0
Let p(s) = 2*s + 1. Let y = -48 - -13. Let o be (63/y)/(2/(-10)). What is the tens digit of p(o)?
1
Let z(l) = -l**3 - 3*l**2 + l + 4. Let w be z(-3). Let p = w - 7. Let v = 2 - p. What is the units digit of v?
8
Let b(p) = p**3 + 3*p**2 - 4*p. Let x be b(-4). Let c = x - -9. Suppose -w = -4*i + c, 9*i + 2*w = 4*i + 21. What is the units digit of i?
3
Let a(v) = 9*v**2 - 6*v - 7. Let t be a(-3). Suppose -3*p = -7*p + t. What is the tens digit of p?
2
Let b = 5 - 3. Let n = b + 0. What is the units digit of n?
2
Suppose 4*r - 34 = 10. What is the tens digit of r?
1
Let t(q) = q**3 + 5*q**2 - 7*q - 4. Let n be t(-6). Suppose -n*y + 135 = 3*y. Let h = -13 + y. What is the tens digit of h?
1
Suppose 5*p - 551 + 169 = 4*z, 4*z = -3*p + 242. Let f = p + -129. What is the units digit of 4/12 + f/(-9)?
6
Suppose -882 = -3*u + 4*n, 2*u + 1493 = 7*u + n. What is the tens digit of u?
9
Let o(g) = g**2 + 7*g + 2. Let v be o(-8). Let w be v/4*(-1 + -3). What is the tens digit of (65/w)/((-2)/4)?
1
Suppose 3*v - 6*v = -138. Let h = v + -16. What is the tens digit of h?
3
Let r be 1/(4/(-6))*-14. Let l = r + -14. What is the units digit of l?
7
Let i = 13 - 28. Let z = i - -10. Let c(f) = -f**3 - 5*f**2 - f. What is the units digit of c(z)?
5
Let l(c) = 6*c - 3. Let p(v) = -7*v + 3. Let f(i) = 4*l(i) + 3*p(i). Suppose -2*x - 3*x + 21 = 2*j, -j - 5*x + 18 = 0. What is the units digit of f(j)?
6
Let k(d) = 7*d + 19. Let r(a) = -4*a - 10. Let n(b) = 3*k(b) + 5*r(b). Suppose 4*y + 17 = 5. What is the units digit of n(y)?
4
Let y(v) = -v**3 - 9*v**2 - 8*v + 19. What is the tens digit of y(-9)?
9
Let d = -213 - -482. What is the tens digit of d?
6
Suppose -7*i + 1325 = -3*i - a, a = 5*i - 1655. What is the hundreds digit of i?
3
Let f be (0 - (7 - -2))/1. Let y be (f/(-5))/(1/15). Suppose 4*c - y = 2*u - 3*u, 2*c - 13 = -u. What is the units digit of c?
7
Let w(d) be the third derivative of d**6/120 - d**5/20 - d**4/12 - 5*d**3/6 - 5*d**2. Let y = 4 + 0. What is the units digit of w(y)?
3
Let i(j) = -j - 2. Let r = 5 - 1. Suppose 5*g - 4*m + 24 = -3*m, r*g - 4*m = -16. What is the units digit of i(g)?
3
Let r be ((-1)/1)/(3/(-12)). Suppose -r*q = -3*q - 5. What is the units digit of q?
5
Suppose 9 = 2*d - 29. What is the units digit of d?
9
Let u(f) = f**3 + 8*f**2 - 7*f + 6. Let k be u(-9). Let s = k - -20. Suppose n - s = -3*n. What is the units digit of n?
2
Suppose 7 = -5*t + 2*o - 9, 2*o = -3*t. Suppose -4*m - 23 - 13 = 3*x, x - 3*m - 1 = 0. What is the units digit of 3/(t*2/x)?
6
Suppose 3*g + 0*g - 159 = 0. What is the tens digit of g?
5
What is the units digit of 6/18 - (-80)/3?
7
Suppose -2*y + 30 = 2*y - 5*f, -3*y + 11 = 2*f. Let o = 24 - y. What is the tens digit of o?
1
Suppose -38 = l + 2*d - 114, -3*d = -2*l + 124. Suppose -5*o + l = -37. Suppose 0 = 4*p - 5*y - 41, p + 3*y = -2*y - o. What is the units digit of p?
4
Let m = 92 + -55. What is the tens digit of m?
3
Suppose -3*i - 52 = 8*c - 3*c, 0 = 2*c - i + 12. Let r(g) = g**2 - 4*g - 1. Let k be r(5). What is the units digit of (k/16)/((-2)/c)?
1
Suppose 0 = -2*r - 2*a - 0*a + 8, 0 = -4*r + 4*a + 24. Suppose -5*s + 7 = -r*q + q, 0 = 2*s - 3*q. Let b = s - -17. What is the units digit of b?
0
Suppose 12 = 2*r + 5*a, -2*a + 23 = 5*r - 7. What is the units digit of r?
6
Suppose -2*w + v = -5*w + 11, -4*w = 3*v - 23. Suppose -w*t + 10 = -t. Suppose 4*m = g + t, -5*m = -3*g - 9 - 0. What is the units digit of m?
3
Let i(x) = -2*x - 7. What is the units digit of i(-15)?
3
Let f = 89 - 6. Let d = f - 45. What is the units digit of d?
8
Suppose 3*h + 2*d = -18, 2*h + 24 = -2*h - 4*d. Let k(n) be the first derivative of n**4/4 + 7*n**3/3 + 7*n**2/2 + 7*n + 3. What is the units digit of k(h)?
1
Let r(w) = -3*w - 3. What is the tens digit of r(-7)?
1
Let k(z) = -z**2 + z - 1. Let o(w) = -27*w**3 + 2*w**2 - w + 1. Let c(t) = -k(t) - o(t). Let y be c(1). Let l = y - 18. What is the units digit of l?
8
Suppose -2*w = -3*w + 41. What is the tens digit of w?
4
Suppose 4*l + 80 = 9*l. What is the tens digit of l?
1
Suppose 2*v + 2 = 4. What is the tens digit of ((-3 - -2) + 19)/v?
1
Suppose 4*t + t - 165 = 0. What is the units digit of t?
3
Suppose -5*j = -4*c - 0*c + 59, -4*j - 64 = -4*c. Suppose 2*r - c = 9. What is the tens digit of r?
1
Suppose -2*o - 8 = -4*x, -2*o - 2*x = -5*o - 4. What is the units digit of (o - -2) + 39/3?
5
Let r be ((-4)/(-6))/(38/171). Suppose -4*d + r*d + 41 = 0. What is the tens digit of d?
4
Let f = 125 - 77. What is the tens digit of f?
4
Suppose -175 = -4*l + 89. What is the units digit of l?
6
Suppose -4*g - 2*s = -74, 5*g - 3*s = 11 + 98. Suppose -g = 2*u - 4*u. Let h = u + -4. What is the units digit of h?
6
Let l(y) = y**3 + 4*y**2 - 5. Let q be l(-4). What is the tens digit of ((-12)/9)/(q/90)?
2
Let q(f) = 15*f + 6. What is the units digit of q(2)?
6
Let x(u) = 2*u + 31. What is the tens digit of x(0)?
3
Suppose -i = -2*i - 5*x - 13, -2*x - 19 = 5*i. Let z be 4/(-16) - 33/(-4). Let y = z + i. What is the units digit of y?
5
Let c = -14 - -74. What is the units digit of c?
0
Suppose 0 = -z + 5, -z - 27 = 4*l - 0*l. Let x = l - -17. What is the units digit of x?
9
Let d(q) = 13*q**2 - 4*q - 3. What is the units digit of d(-2)?
7
What is the units digit of (2 - -2)/(2/29)?
8
Suppose -8*g + 5*g + 273 = 0. What is the units digit of g?
1
Let d(w) = -3*w**2 - w. Let g be d(-1). Let v = g + 7. Suppose 55 - 21 = 4*o - v*q, q = 5*o - 53. What is the tens digit of o?
1
Suppose 10 = -8*j + 474. What is the units digit of j?
8
Let w = 11 - 8. Suppose 4*a + 0 - 2 = -5*z, -2*z + 10 = -w*a. What is the units digit of (z/5)/(3/45)?
6
Let l be 3*(-1)/(0 - 1). Suppose -4*u - 3*i + 23 = -20, -i - 42 = -l*u. Let j = 26 - u. What is the tens digit of j?
1
Let t(w) be the second derivative of -w**3/3 - 3*w**2 - 2*w. What is the units digit of t(-5)?
4
What is the tens digit of 0/((3 - 1) + -4) + 55?
5
Let i = -4 + 4. Suppose w - 2 - 6 = i. Let g = 13 - w. What is the units digit of g?
5
Let c(i) = -i**2 + 9*i - 12. What is the units digit of c(4)?
8
Let r(l) = 7*l - 3. Let c be r(5). Suppose -x + 3*x = c. What is the units digit of x?
6
What is the tens digit of 2/(4 + (-1604)/402)?
0
Let n(z) = -6*z**2 - 2*z + 6 + 13*z**2 + 0*z**3 + z**3. Let c be n(-7). Suppose 3*l = 5*l - c. What is the tens digit of l?
1
Suppose -3*g + 24 = 3*n, 2*g + 30 = 4*n + 5*g. Suppose -r - 21 = 5*o, 6*r - 2*r + o - 11 = 0. What is the units digit 